*k. Let q be o(-1). Let j = -4 + 3. List the prime factors of 1/(q*j/9).
3
Let i(l) be the first derivative of -3*l**2 - 15*l - 7. List the prime factors of i(-6).
3, 7
Let c(r) = 23*r + 1. List the prime factors of c(2).
47
List the prime factors of 1 + 10*1/(2/13).
2, 3, 11
Suppose 0 = 3*m + 2*l - 23, 3*m + 4*l - l = 27. Suppose -2*d - 7 = m*y, 5*d - 3*y + 7 = 67. What are the prime factors of d?
3
Suppose 6*w - 10*w + 64 = 0. Suppose -4*y + w = -2*g, 0 = -5*y - g - 1 + 14. List the prime factors of y.
3
Suppose -1142 + 142 = -5*t. What are the prime factors of t?
2, 5
Suppose n - 3*x - 70 = 0, -3*n + 6*n - x = 234. What are the prime factors of n?
79
Let k be -2*(-1 - (-20)/8). What are the prime factors of (-2)/k - (-335)/15?
23
Let k(p) = p**2 + 2. Let r be k(0). Suppose 0 = 4*i + 4*z - 68, 2*i - 35 = r*z - 5*z. What are the prime factors of i?
2
Suppose -8*u + 16*u - 792 = 0. What are the prime factors of u?
3, 11
Let t = -32 - -69. What are the prime factors of t?
37
Suppose 2*d - d = -3*q + 128, -5*d - 4*q = -596. List the prime factors of d.
2, 29
Suppose -2*o + 185 = 5*k, 4*k = -o - 0*k + 94. List the prime factors of o.
2, 3, 5
Suppose 0 = 2*i - i - 25. What are the prime factors of i?
5
Suppose 3*h + v = 13, 0 = -4*h + 6*h + 4*v + 8. Let c(w) = -w**3 + 7*w**2 - 5*w + 8. List the prime factors of c(h).
2, 7
Let x(h) = 4*h - 7. Suppose 0*r - 2*r + 39 = 5*k, 33 = 4*r + k. What are the prime factors of x(r)?
3, 7
Suppose -36 = -2*k - 0*k. Suppose -f - 5*a = k, -f + 3*a + 3 = -11. List the prime factors of f.
2
List the prime factors of (-65)/(-5) + (-8)/2.
3
Let x = -9 - -21. Suppose 0 = 2*c - x. Suppose 5*m - c = 9. List the prime factors of m.
3
Let h(b) = b**2 + 4*b + 1. Let x be h(-4). Let l(f) = 15*f - 1. List the prime factors of l(x).
2, 7
Let x be (12/(-5))/((-1)/(-5)). Let f = x + 0. List the prime factors of (f/(-9))/((-2)/(-3)).
2
Suppose -9*n + 545 = -2137. List the prime factors of n.
2, 149
Suppose 3 = -0*a - a. Let c = a - -8. Suppose 0*x - 30 = -c*x. List the prime factors of x.
2, 3
Suppose -o + 68 = 2*w - 3*o, -5*w = 2*o - 177. List the prime factors of w.
5, 7
Suppose 2 - 10 = -2*c. Suppose -2*j + 24 = -c*j. List the prime factors of (8/j)/((-4)/18).
3
Suppose -3*z - u = 23, z = 2*u + u - 21. Let n = z + 37. Let i = n - 19. What are the prime factors of i?
3
Let r = 255 + 133. What are the prime factors of r?
2, 97
Suppose 0*i - 16 = -4*i. Suppose i*v - 3*v = 0. Suppose v = -4*j + 24 + 8. List the prime factors of j.
2
Let w = 21 - 15. What are the prime factors of w?
2, 3
Suppose 9*w = 11*w - 100. List the prime factors of w.
2, 5
Suppose -24*i + 3521 = -6655. List the prime factors of i.
2, 53
Let k(i) be the first derivative of -i**2 + i + 3. Let w be k(2). What are the prime factors of (-42)/(w + 0 + 1)?
3, 7
Suppose 4*u + k = 15, k - 1 - 8 = -2*u. Suppose -u*b + 2*h - 2 = 0, 2*b - b + 5*h = 5. Suppose -4*j = -b*j - 20. List the prime factors of j.
5
Let m = -122 - -255. What are the prime factors of m?
7, 19
Suppose 3*u = 2*u + 7. Let w(z) = 0*z + 2*z + 0*z - 3. List the prime factors of w(u).
11
Let l(u) = -4*u - 1. Let v be l(-1). Suppose v = 4*y - 6*o + o, y = -o + 12. What are the prime factors of y?
7
Let o be (1/(-1))/(1/(-6)). Suppose 2*g = -2*k + 12, 4*k - o*k - 4 = -2*g. Suppose k*r + 2*r - 12 = 0. What are the prime factors of r?
3
Let h(p) = p**2 + 8*p + 9. Let y be h(-6). What are the prime factors of 1*1/(-1)*y?
3
Suppose 154*z - 155*z = -266. List the prime factors of z.
2, 7, 19
Suppose 5*q - 78 = -18. List the prime factors of q.
2, 3
Let z(x) = -2*x**2 + 2*x + 1. Let d be z(2). Let q = 10 + d. What are the prime factors of q?
7
Let m(s) = -1 - 6*s - 3 + s. What are the prime factors of m(-3)?
11
Suppose -3*b + 63 = l, 3*b - 3*l - 63 = -5*l. What are the prime factors of b?
3, 7
Let x(i) = -i**3 - i**2 + 3. Let l be x(0). Suppose v - l*q + 9 = -3, -q = -2*v + 1. Let m = v - -4. List the prime factors of m.
7
Let j(q) = -26*q**3 + 2*q**2 - q + 1. What are the prime factors of j(-2)?
3, 73
Suppose 4*w + 24 = 3*k, -4*k + 4*w + 48 = 12. Suppose 5*g = p + k, 4*p - 11 = -g + 4. What are the prime factors of p?
3
Suppose 2*b + 12 = 5*b. Suppose -b = 2*r, 4*l + 6 = -r - 0. Let y = 7 + l. What are the prime factors of y?
2, 3
Let v = -47 - -95. List the prime factors of v.
2, 3
Suppose 5*d + 5*i = 170, 0*i = d + 4*i - 34. What are the prime factors of d?
2, 17
Let j(r) = r**2 - 6*r + 4. Let w be j(8). Let q = w + -13. What are the prime factors of (0/3 - -1) + q?
2
Let b be (-42)/(-7) - (0 + 3). Let c(r) = -r**2 + r + 5. Let o be c(0). Suppose o = b*m - 1. List the prime factors of m.
2
Suppose -3*x - 3 = w - 4*x, 0 = w + 5*x - 27. Let v(i) = 4*i - 3. What are the prime factors of v(w)?
5
Suppose 0 = h - 1 - 1. Let k(x) = -x**3 + 3*x**2 - 2*x. Let o be k(h). Suppose -a + 2*l = -l + 9, -5*a + 5*l - 5 = o. List the prime factors of a.
3
Suppose 3*b = o + 410, b = -o - o + 132. List the prime factors of b.
2, 17
Let c(d) be the third derivative of -d**5/60 - d**4/4 - d**3/6 + 10*d**2. What are the prime factors of c(-5)?
2
Let i = 22 - 17. List the prime factors of (-7 + i)/((-2)/16).
2
Suppose -24 = -3*w - w. Suppose -15 = -w*p + p. List the prime factors of p.
3
Let y(f) = 10*f**2 - 3*f + 2. List the prime factors of y(1).
3
Let r(k) = 2*k**3 - 2*k**2. Let m be r(2). Suppose -5*i + 4*u = -m + 35, 5*u + 10 = 0. List the prime factors of (-26)/i - (-4)/14.
2
Let l(x) = 6*x - 5. Let m(n) = -5*n + 4. Let d(z) = -2*l(z) - 3*m(z). Let h be d(2). List the prime factors of -8*(1 - 11/h).
2, 7
Let f = -42 - -172. What are the prime factors of f?
2, 5, 13
Let z(c) = c - 15. Let d be z(13). What are the prime factors of 5 + d + -4 - -7?
2, 3
Let i be 126/(-28)*(-56)/6. Let t = i + -23. List the prime factors of t.
19
Suppose 4 = -3*b - 5*q, 5*q + 6 = 5*b - 14. Suppose 6 = -b*p + 38. List the prime factors of p.
2
Suppose 3*c + 8 = n, -4*n - 5 = c + 2. What are the prime factors of (-47)/(-3) + 2/c?
3, 5
Let t = -18 - -18. Let c(w) be the third derivative of w**5/60 + w**3 - w**2. What are the prime factors of c(t)?
2, 3
Suppose 2*v - 14 = 3*k, 0 = k + 3*k + 4*v - 8. Let f be -3*2/12*k. What are the prime factors of 2 + 10 + (-2)/f?
2, 5
Let q(x) be the second derivative of 3*x**4/2 - x**2/2 - 3*x. List the prime factors of q(1).
17
Let i(z) = z**3 - 4*z**2 + 2*z - 10. List the prime factors of i(6).
2, 37
Let c(a) be the third derivative of a**5/60 + a**4/3 + 2*a**3/3 - 4*a**2. List the prime factors of c(-8).
2
Let l(w) = 3*w - 4. Let k be -1 + (-2 - -3) - -3. Let o be l(k). Suppose i + 1 = 0, -3*y + i = o*i - 20. List the prime factors of y.
2
Suppose -5*l = -0*l - 15. Suppose -5*w + 0*m = m - 74, l*w = m + 38. Let n = -5 + w. What are the prime factors of n?
3
Suppose s = 2*k + 62, -5*s + 2*k + 140 = -146. What are the prime factors of s?
2, 7
Suppose -2*l + 31 = -19. Suppose 2*j = 5*i - l, 4*j + 5 = -5*i + 60. What are the prime factors of i?
7
Let f = -8 + 8. Let o(t) = t**2 - t + 23. What are the prime factors of o(f)?
23
Let w = 77 + -14. List the prime factors of w.
3, 7
Let z = 54 - 22. What are the prime factors of z?
2
Let b be 4/(-8)*(-7 + 1). Suppose -b*q + 27 = -24. What are the prime factors of q?
17
Let d(t) = -31*t**3 + t**2 + t. Suppose -3*b = -0 + 3. List the prime factors of d(b).
31
Let n(s) = -s**3 - 3*s**2 + 4*s. Let u be n(-4). Suppose -4*g - 2*c = u, -5*c - 3 - 7 = 5*g. Suppose -g + 13 = h. What are the prime factors of h?
11
Suppose -5*f = -4*p + 354 + 75, -5 = f. What are the prime factors of p?
101
List the prime factors of ((-6)/(-8))/((-5)/(-220)).
3, 11
Suppose 99 + 73 = 2*z. List the prime factors of z.
2, 43
Suppose -4 - 1 = -v + 3*d, -12 = -2*v + 5*d. List the prime factors of v.
11
Suppose -n - 4*u + 12 = 0, -7*n + 3*u = -3*n - 29. Let q(s) = -2 - n*s - s**2 + s + 5. What are the prime factors of q(-6)?
3
What are the prime factors of (-30)/(-6) - -34 - (0 + 0)?
3, 13
Let a be 4/22 + 100/55. Let f(j) = j**3 + 3*j**2 - 3*j + 3. What are the prime factors of f(a)?
17
Suppose 2*s - 357 + 123 = 0. What are the prime factors of s?
3, 13
Let w be 6/(2/(-1)) + 0. Let l be 12 - (2 + w)*-1. Let u = l + -7. What are the prime factors of u?
2
Let y(x) = -13*x + 1. List the prime factors o